*w + 187. Give g(-5).
-2283
Let c(b) = 2*b**2 - 357*b + 595. Give c(186).
3385
Let p(t) = -2*t**2 - 414*t - 17002. Determine p(-56).
-90
Let t(v) = 34*v**3 - 2*v**2 - 19*v + 9. Determine t(3).
852
Let o(m) = -2*m**2 + 1033*m - 26036. Give o(490).
-66
Let r(x) = -78*x**2 - 10237*x + 18223. What is r(-133)?
2
Let u(s) = 8*s**2 - 90*s + 905. Determine u(11).
883
Let j(r) = 15*r**3 + 105*r**2 - 218*r - 1479. Calculate j(-7).
47
Let i(u) = 2*u**3 - 400*u**2 - 413*u + 2218. Give i(201).
7
Let t(n) = 815*n - 29535. What is t(36)?
-195
Let b(o) = -617569*o - 17291933. Calculate b(-28).
-1
Let r(s) = -s**3 - 49*s**2 - 560*s + 179. What is r(-19)?
-11
Let u(r) = r**3 + 168*r**2 + 6890*r + 214. Determine u(-97).
-77
Let s(g) = -2*g**3 - 420*g**2 - 13136*g + 34532. Give s(-171).
-10
Let i(g) = -2*g**3 + 3*g**2 - 8*g - 252. Give i(-7).
637
Let c(w) = 3*w**3 - 14*w**2 - 62*w - 75. Calculate c(-5).
-490
Let a(v) = -32*v - 1625. Determine a(-10).
-1305
Let w(o) = -24240*o + 121913. Give w(5).
713
Let n(a) = 2*a**3 + 142*a**2 - 2633*a - 49. What is n(15)?
-844
Let c(s) = 2*s**2 - 6305*s + 1056123. What is c(2975)?
-2
Let t(f) = 620*f - 7200. Give t(12).
240
Let p(v) = -v**3 - 49*v**2 + 94*v + 19499. What is p(-38)?
43
Let u(h) = -2*h**2 + 56*h - 65. Give u(14).
327
Let p(u) = -3443*u + 671361. Determine p(195).
-24
Let d(b) = -254*b - 4961. Determine d(-19).
-135
Let h(y) = -y**3 + 3*y**2 - 681*y - 57. Give h(0).
-57
Let m(l) = -1683037*l + 25245552. Determine m(15).
-3
Let n(w) = w**2 + 76*w + 578. What is n(-66)?
-82
Let d(t) = t**2 - 182*t - 9910. Calculate d(-48).
1130
Let d(u) = -445*u - 5538. Determine d(-9).
-1533
Let o(m) = 462*m**2 - 2763*m - 66. Calculate o(6).
-12
Let u(s) = 41*s**2 - 15699*s - 1535. Calculate u(383).
-3
Let y(n) = 141*n**3 + 38070*n**2 - n - 249. What is y(-270)?
21
Let t(x) = -13644*x + 12990. What is t(1)?
-654
Let u(h) = -4*h**3 - 276*h**2 - 12*h - 58. What is u(-69)?
770
Let o(r) = r**3 - 7*r**2 - 82*r + 592. Determine o(9).
16
Let q(f) = 7608*f - 76218. Determine q(10).
-138
Let c(d) = -288*d**2 - 337*d - 4. Calculate c(-1).
45
Let v(m) = 2*m**2 - 37*m - 897. Give v(23).
-690
Let a(l) = l**2 + 41*l + 1535. Calculate a(-30).
1205
Let o(s) = 42739*s + 341895. Give o(-8).
-17
Let v(i) = 229*i**3 + 835*i - 833. Determine v(1).
231
Let g(b) = -2*b**2 + 7343*b - 6717807. Calculate g(1941).
-6
Let b(d) = -13*d**2 + 321*d - 1701. Give b(7).
-91
Let r(d) = 7*d**2 + 20*d - 3522. Give r(22).
306
Let c(r) = -639*r - 12674. Give c(-19).
-533
Let v(y) = y**3 + 155*y**2 + 5986*y - 1513. Give v(-78).
47
Let j(f) = -f**3 + 64*f**2 + 134*f + 474. What is j(66)?
606
Let j(c) = -c**2 - 73*c - 125. Calculate j(-71).
17
Let o(b) = b**3 + 37*b**2 + 51*b - 561. Calculate o(-35).
104
Let r(k) = -36*k**3 - 1225*k**2 - 34*k + 37. Give r(-34).
37
Let q(x) = -x**3 + 88*x**2 + 776*x + 145. Calculate q(-8).
81
Let b(o) = 657*o + 76200. Calculate b(-116).
-12
Let a(v) = v**3 - 32*v**2 - 85*v + 2242. Calculate a(31).
-1354
Let k(o) = -16*o**3 + 8816*o**2 - o + 555. What is k(551)?
4
Let z(p) = -2*p**3 - 47*p**2 - 144*p - 55. Determine z(-20).
25
Let x(r) = 163*r - 527. What is x(-11)?
-2320
Let i(h) = 9*h**3 - 1449*h**2 + 15*h - 428. Give i(161).
1987
Let i(b) = -b**3 + 21*b**2 - 127*b + 487. Calculate i(4).
251
Let j(k) = -k**3 + 436*k**2 - 42192*k - 470. Calculate j(291).
403
Let m(l) = -l**3 + 26*l**2 + 1589*l - 122. Determine m(-29).
52
Let c(v) = 68*v**3 + 33*v**2 - 10*v - 263. Determine c(-4).
-4047
Let y(v) = -v**3 + 723*v**2 - 36119*v - 4681. What is y(669)?
2
Let o(w) = -61*w**2 + 148*w + 139. What is o(-3)?
-854
Let o(x) = -x**2 - 2656*x - 31687. Calculate o(-12).
41
Let x(g) = 6*g**2 - 1811*g + 1791. What is x(1)?
-14
Let z(q) = -q**3 - 3368*q**2 - 386633*q - 243. Determine z(-119).
-5
Let r(p) = 16*p**2 - 164*p + 134. Determine r(10).
94
Let p(t) = -177*t**2 - 1776*t - 36. Calculate p(-10).
24
Let r(d) = 6499*d + 123443. Give r(-19).
-38
Let f(s) = -158559*s + 475700. Calculate f(3).
23
Let x(v) = -4243372*v - 21216872. What is x(-5)?
-12
Let a(p) = 524658*p + 12. Give a(0).
12
Let y(q) = 29*q**2 + 2288*q - 9128. Determine y(4).
488
Let b(r) = -r**2 + 52217*r - 3962771. Determine b(76).
-55
Let y(s) = 43628*s + 1526988. Give y(-35).
8
Let q(g) = -726*g - 11554. Calculate q(-16).
62
Let l(s) = -141*s**2 + 11288*s - 668. Calculate l(80).
-28
Let p(q) = -q**2 + 8297*q - 412352. What is p(50)?
-2
Let d(o) = 38*o**3 - 29*o**2 + 936*o - 906. Determine d(1).
39
Let b(x) = 10*x**3 - 868*x**2 - 1954*x - 379. Calculate b(89).
-23
Let b(v) = 6387*v + 25579. Determine b(-4).
31
Let n(w) = -w**3 + 48*w**2 + 588*w - 7939. Determine n(56).
-99
Let z(q) = -4141*q - 1035267. What is z(-250)?
-17
Let t(p) = 1361*p**2 - 42194*p + 82. What is t(31)?
-11
Let k(y) = -y**2 - 2292*y - 803523. Give k(-432).
-3
Let x(g) = 262*g - 439. Give x(-4).
-1487
Let y(n) = n**3 - 4194*n**2 + 9091*n - 1408. Give y(2).
6
Let v(f) = 3*f**3 + 643*f**2 + 1458*f + 405921. Calculate v(-215).
1
Let l(m) = -13*m**2 - 218*m + 5024. Calculate l(13).
-7
Let y(c) = c**3 + 22*c**2 + 740*c + 12036. Determine y(-18).
12
Let l(c) = 2*c**2 + 23261*c - 162809. What is l(7)?
116
Let s(r) = -r**2 + 84*r - 1415. Give s(43).
348
Let z(n) = -8*n**3 + 2248*n**2 + 347*n - 97500. Calculate z(281).
7
Let f(g) = 13*g**3 - 47*g**2 + 15*g + 9. What is f(5)?
534
Let j(l) = 14853*l + 3965778. Give j(-267).
27
Let b(g) = 766*g + 71087. What is b(-90)?
2147
Let y(l) = -l**3 + 176*l**2 + 1396*l - 303460. Determine y(174).
-4
Let t(h) = 34597*h - 984. Determine t(0).
-984
Let w(r) = -89439*r + 1520710. Determine w(17).
247
Let o(u) = 1038*u - 7171. Give o(7).
95
Let a(v) = -22*v**2 + 245*v - 29. Calculate a(11).
4
Let x(k) = k**3 - 465*k**2 - 20195*k - 2531. What is x(505)?
-6
Let t(f) = -3*f**3 - 4*f**2 + 23*f + 120. Determine t(0).
120
Let t(n) = -107*n**2 + 3770*n + 2939. Calculate t(36).
-13
Let j(x) = -9*x**2 + 3939*x - 337667. What is j(117)?
-5
Let s(f) = -67*f + 8690. Give s(142).
-824
Let f(n) = -n**3 - 459*n**2 - 1305*n - 1026646. Give f(-461).
1
Let z(a) = -30*a**3 + 9481*a**2 - 309*a - 2234. What is z(316)?
-22
Let i(z) = 1344*z - 353567. What is i(263)?
-95
Let j(g) = -139*g + 2073. Give j(19).
-568
Let h(z) = -4*z**2 + 24*z + 1334. Determine h(21).
74
Let c(f) = 767*f + 1936. Give c(-3).
-365
Let j(g) = 4*g**2 + 1958*g - 2976. Determine j(-491).
-30
Let j(n) = n**3 - 88*n**2 - 1301*n + 283. Determine j(101).
1495
Let c(a) = -3*a**3 + 123*a**2 - 132*a + 418. Determine c(40).
-62
Let g(x) = 1095457*x - 7668189. What is g(7)?
10
Let m(v) = v**2 - 69758*v - 1186171. Give m(-17).
4
Let x(s) = -s**3 - 62*s**2 - 35*s + 4905. Determine x(-60).
-195
Let p(u) = u**3 + 23*u**2 - 23159*u - 46411. Calculate p(-2).
-9
Let l(p) = 367*p + 7559. What is l(-20)?
219
Let a(x) = -2704*x + 30744. Give a(11).
1000
Let c(i) = 4678*i - 276017. Determine c(59).
-15
Let j(w) = 144678*w - 5642447. What is j(39)?
-5
Let s(r) = -8*r**2 - 156*r - 610. Give s(-12).
110
Let t(l) = -2*l**3 - 463*l**2 - 275*l - 9816. Determine t(-231).
348
Let r(t) = -281*t - 1726. Determine r(-6).
-40
Let r(v) = -v**3 + 6*v**2 + 530*v - 194. Calculate r(26).
66
Let f(n) = -6*n**2 - 864*n + 1279. What is f(-146)?
-473
Let u(v) = 612*v - 29343. Determine u(48).
33
Let n(f) = -f**3 - 25*f**2 + 258*f - 153. What is n(-33)?
45
Let u(o) = -12*o**3 + 302*o**2 - 414*o + 9053. Give u(25).
-47
Let s(w) = 52933*w - 4234648. Give s(80).
-8
Let j(k) = k**3 + 7*k**2 + 664*k - 2085. What is j(3)?
-3
Let z(t) = 7055*t + 7344213. What is z(-1041)?
-42
Let h(j) = -j**3 - 134*j**2 - 211*j + 2425. Determine h(-132).
-4571
Let m(w) = -w**2 + 122287*w - 855956. What is m(7)?
4
Let w(z) = 228976*z - 1373853. What is w(6)?
3
Let o(m) = -2342*m + 126470. Determine o(54).
2
Let j(w) = 53*w + 202. Give j(-46).
-2236
Let n(c) = 2*c**3 + 180*c**2 - 198*c - 1452. Give n(-91).
4
Let s(a) = 2*a**3 + 198*a**2 - 1263*a - 258. Give s(-105).
57
Let r(u) = -4*u**2 - 376*u + 26505. Give r(47).
-3
Let m(i) = -211*i + 24609. Calculate m(115).
344
Let u(t) = -3*t**2 - 865*t - 50877. What is u(-206)?
5
Let n(o) = -o**3 - 279*o**2 + 3203*o - 25. What is n(11)?
118
Let g(f) = 201*f - 3534. What is g(18)?
84
Let b(u) = 27440*u + 26591. Give b(-1).
-849
Let y(s) = s**3 + 155*s**2 + 5914*s + 104